ctor of 8602?
False
Does 16 divide 14944?
True
Is 11456 a multiple of 13?
False
Is 71 a factor of 908?
False
Is 9809 a multiple of 119?
False
Is 77 a factor of 24486?
True
Does 6 divide 23520?
True
Does 25 divide 355?
False
Is 6552 a multiple of 90?
False
Does 3 divide 176?
False
Is 3 a factor of 3228?
True
Is 689 a multiple of 13?
True
Is 45 a factor of 1935?
True
Does 19 divide 51317?
False
Is 5 a factor of 1070?
True
Is 15 a factor of 150?
True
Is 24480 a multiple of 48?
True
Is 10200 a multiple of 34?
True
Does 47 divide 2042?
False
Is 41 a factor of 39032?
True
Is 48 a factor of 4800?
True
Is 23 a factor of 10194?
False
Is 49 even?
False
Is 2960 a multiple of 185?
True
Is 6321 a multiple of 49?
True
Is 16 a factor of 737?
False
Is 13 a factor of 744?
False
Is 4 a factor of 477?
False
Is 50038 a multiple of 126?
False
Is 3332 a multiple of 32?
False
Does 79 divide 7155?
False
Does 43 divide 71?
False
Is 42 a factor of 3938?
False
Does 10 divide 5282?
False
Does 7 divide 536?
False
Does 17 divide 816?
True
Does 14 divide 45444?
True
Is 20 a factor of 2200?
True
Is 25 a factor of 11050?
True
Does 130 divide 56940?
True
Does 55 divide 17325?
True
Is 43 a factor of 559?
True
Does 7 divide 630?
True
Is 444 a multiple of 4?
True
Is 7 a factor of 10610?
False
Is 7 a factor of 12687?
False
Does 129 divide 53743?
False
Is 14474 a multiple of 9?
False
Is 32 a factor of 811?
False
Is 107 a multiple of 2?
False
Is 1692 a multiple of 56?
False
Is 16 a factor of 91278?
False
Does 72 divide 2088?
True
Is 55 a factor of 8470?
True
Is 15 a factor of 161?
False
Is 63 a factor of 7210?
False
Is 1104 a multiple of 23?
True
Is 15 a factor of 183?
False
Is 833 a multiple of 59?
False
Does 55 divide 165?
True
Is 15 a factor of 67?
False
Does 30 divide 14701?
False
Does 2 divide 814?
True
Is 3915 a multiple of 5?
True
Is 1070 a multiple of 9?
False
Does 3 divide 1062?
True
Is 10 a factor of 2220?
True
Is 49946 a multiple of 221?
True
Is 438 a multiple of 8?
False
Does 270 divide 3917?
False
Is 101507 a multiple of 17?
True
Is 4350 a multiple of 30?
True
Is 903 a multiple of 21?
True
Does 49 divide 3136?
True
Is 17710 a multiple of 11?
True
Is 54173 a multiple of 22?
False
Does 11 divide 17611?
True
Is 3 a factor of 939?
True
Does 21 divide 95190?
False
Is 97 a factor of 2505?
False
Is 13 even?
False
Is 35 a factor of 318?
False
Is 1716 a multiple of 13?
True
Is 148 a factor of 2541?
False
Is 30245 a multiple of 20?
False
Is 73301 a multiple of 23?
True
Does 32 divide 2546?
False
Does 32 divide 2816?
True
Is 732 a multiple of 13?
False
Does 27 divide 2527?
False
Is 5051 a multiple of 53?
False
Does 3 divide 347?
False
Does 13 divide 3874?
True
Does 153 divide 2601?
True
Is 159 a multiple of 5?
False
Does 47 divide 236?
False
Is 515 a multiple of 6?
False
Is 8700 a multiple of 15?
True
Is 56 a factor of 59864?
True
Does 11 divide 24038?
False
Is 78 even?
True
Is 15 a factor of 8130?
True
Is 12747 a multiple of 21?
True
Is 9 a factor of 1260?
True
Does 37 divide 6634?
False
Does 83 divide 3299?
False
Is 8 a factor of 395?
False
Does 24 divide 2822?
False
Is 1290 a multiple of 215?
True
Does 168 divide 146664?
True
Is 5704 a multiple of 49?
False
Does 22 divide 5082?
True
Is 12 a factor of 2994?
False
Is 12 a factor of 8592?
True
Is 5808 a multiple of 26?
False
Is 106 even?
True
Is 16 a factor of 12444?
False
Is 4770 a multiple of 165?
False
Is 4095 a multiple of 91?
True
Is 28 a factor of 5134?
False
Is 11 a factor of 1221?
True
Is 45 a factor of 27360?
True
Does 47 divide 141?
True
Does 8 divide 1880?
True
Is 54668 a multiple of 55?
False
Is 2 a factor of 61?
False
Is 16 a factor of 39155?
False
Does 2 divide 5028?
True
Does 195 divide 71517?
False
Is 6600 a multiple of 20?
True
Does 20 divide 10440?
True
Is 9011 a multiple of 9?
False
Does 28 divide 10213?
False
Does 5 divide 669?
False
Is 40530 a multiple of 14?
True
Is 1121 a multiple of 19?
True
Is 4585 a multiple of 7?
True
Is 50 a factor of 30554?
False
Is 2657 a multiple of 50?
False
Is 47 a factor of 11153?
False
Is 97 a factor of 873?
True
Is 5673 a multiple of 33?
False
Is 490 a multiple of 14?
True
Does 44 divide 447?
False
Is 43593 a multiple of 20?
False
Is 168 a multiple of 3?
True
Is 7 a factor of 371?
True
Does 11 divide 3172?
False
Is 27 a factor of 621?
True
Does 15 divide 23889?
False
Does 162 divide 25110?
True
Does 75 divide 1417?
False
Does 73 divide 3033?
False
Is 564 a multiple of 47?
True
Is 20190 a multiple of 205?
False
Does 9 divide 2266?
False
Is 41312 a multiple of 32?
True
Is 33664 a multiple of 32?
True
Does 16 divide 815?
False
Is 5176 a multiple of 21?
False
Does 7 divide 2644?
False
Is 434 a multiple of 6?
False
Is 27 a factor of 1326?
False
Is 6 a factor of 3321?
False
Is 35 a factor of 1225?
True
Is 24380 a multiple of 23?
True
Is 1172 a multiple of 4?
True
Does 26 divide 3620?
False
Is 14 a factor of 25124?
False
Does 11 divide 30976?
True
Is 441 a multiple of 7?
True
Does 19 divide 743?
False
Is 3 a factor of 9117?
True
Is 7136 a multiple of 32?
True
Is 6 a factor of 1251?
False
Is 409 a multiple of 7?
False
Is 2730 a multiple of 11?
False
Is 24 a factor of 552?
True
Does 18 divide 6372?
True
Does 12 divide 1212?
True
Is 1488 a multiple of 186?
True
Is 94 a factor of 2040?
False
Is 12285 a multiple of 39?
True
Does 16 divide 332?
False
Does 17 divide 697?
True
Does 9 divide 23166?
True
Is 1665 a multiple of 15?
True
Is 12701 a multiple of 19?
False
Is 16980 a multiple of 15?
True
Is 123 a multiple of 2?
False
Is 1336 a multiple of 24?
False
Is 406 a multiple of 14?
True
Does 21 divide 17180?
False
Does 11 divide 433?
False
Does 25 divide 2450?
True
Does 11 divide 214?
False
Does 64 divide 256?
True
Is 59 a factor of 6254?
True
Does 96 divide 1730?
False
Is 20 a factor of 116?
False
Is 2691 a multiple of 10?
False
Does 39 divide 4532?
False
Is 8899 a multiple of 80?
False
Is 37 a factor of 1062?
False
Does 43 divide 43761?
False
Does 14 divide 3066?
True
Does 19 divide 4788?
True
Does 26 divide 6532?
False
Is 8228 a multiple of 38?
False
Does 5 divide 210?
True
Is 6902 a multiple of 34?
True
Is 260 a multiple of 5?
True
Is 16 a factor of 448?
True
Is 22 a factor of 45493?
False
Is 353 a multiple of 2?
False
Is 35 a factor of 2049?
False
Is 2617 a multiple of 8?
False
Is 30910 a multiple of 68?
False
Does 7 divide 484?
False
Is 25 a factor of 52572?
False
Is 1714 a multiple of 61?
False
Is 49 a factor of 3969?
True
Does 8 divide 158?
False
Is 38740 a multiple of 20?
True
Does 7 divide 924?
True
Is 272 a factor of 17698?
False
Is 183 a factor of 147132?
True
Is 5124 a multiple of 12?
True
Does 31 divide 57102?
True
Is 94 a multiple of 40?
False
Is 5136 a multiple of 24?
True
Is 835 a multiple of 37?
False
Is 37 a factor of 473?
False
Is 4030 a multiple of 26?
True
Is 3 a factor of 255?
True
Does 16 divide 1040?
True
Is 343 a multiple of 8?
False
Does 10 divide 435?
False
Is 1689 a multiple of 33?
False
Is 48592 a multiple of 79?
False
Does 12 divide 3948?
True
Does 2 divide 8324?
True
Does 40 divide 4160?
True
Does 14 divide 327?
False
Does 24 divide 293?
False
Is 207 a factor of 7245?
True
Does 6 divide 632?
False
Is 48 a factor of 3120?
True
Is 180 a factor of 88200?
True
Is 2306 a multiple of 16?
False
Is 8 a factor of 576?
True
Is 19 a factor of 6175?
True
Is 3168 a multiple of 22?
True
Is 2497 a multiple of 81?
False
Is 1013 a multiple of 37?
False
Is 129 a multiple of 3?
True
Does 74 divide 3774?
True
Does 69 divide 3785?
False
Is 5 a factor of 12378?
False
Does 19 divide 627?
True
Does 78 divide 16987?
False
Does 39 divide 4170?
False
Is 1111 a multiple of 10?
False
Does 54 divide 270?
True
Is 14 a factor of 781?
False
Is 1090 a multiple of 29?
False
Is 14 a factor of 3552?
False
Is 17302 a multiple of 64?
False
Is 1191 a multiple of 10?
False
Does 34 divide 404?
False
Is 13 a factor of 611?
True
Does 6 divide 948?
True
Is 7785 a multiple of 173?
True
Does 7 divide 700?
True
Is 224 a multiple of 5?
False
Is 6 a factor of 5496?
True
Does 4 divide 5032?
True
Does 141 divide 114351?
True
Is 34 a factor of 6929?
False
Does 6 divide 162?
True
Does 4 divide 272?
True
Does 14 divide 16?
False
Is 20 a multiple of 5?
True
Is 2 a factor of 18?
True
Is 1080 a multiple of 12?
Tru